mposite?
False
Is 12200110223 a prime number?
False
Is 84731294783 a composite number?
False
Is 532340113 prime?
False
Is 58236518107 prime?
True
Is 1909621481 a prime number?
False
Is 16658938519 prime?
True
Is 20743747129 composite?
True
Is 1331239387 prime?
True
Is 70640568049 prime?
False
Is 1587278941 a prime number?
True
Is 142739417 a composite number?
False
Is 62329561939 a prime number?
False
Is 2868053887 composite?
True
Is 3599644289 composite?
False
Is 16609760963 a prime number?
False
Is 1102948163 a composite number?
True
Is 7339776117 composite?
True
Is 49414798547 a prime number?
True
Is 4231376807 a prime number?
False
Is 565922519 a composite number?
True
Is 6071188507 a prime number?
True
Is 311166903121 composite?
False
Is 7210638089 composite?
True
Is 8645156083 composite?
True
Is 10814334203 a composite number?
False
Is 70473266809 composite?
True
Is 2522590901 a prime number?
False
Is 394424773 composite?
True
Is 3465347411 a composite number?
False
Is 72279227609 composite?
False
Is 115976878539 a prime number?
False
Is 481969237 a prime number?
True
Is 27938950913 a composite number?
False
Is 2278674929 composite?
True
Is 36416773093 composite?
False
Is 16359822247 a prime number?
True
Is 1689407497 a composite number?
False
Is 5340524509 a composite number?
False
Is 7628826137 composite?
False
Is 1432844185 a prime number?
False
Is 622285039 a composite number?
False
Is 33934576199 a composite number?
True
Is 2955250579 a composite number?
True
Is 10186651 a prime number?
False
Is 3052577389 composite?
False
Is 929853251 a composite number?
False
Is 1922664059 prime?
True
Is 147716759 prime?
True
Is 2233659157 composite?
True
Is 367612241 prime?
False
Is 1844603437 a prime number?
False
Is 12996649181 a prime number?
True
Is 1280760413 a composite number?
True
Is 2319636197 prime?
True
Is 4141079 a composite number?
False
Is 1813237135 prime?
False
Is 181439327 composite?
True
Is 3494134829 composite?
True
Is 25974117194 a composite number?
True
Is 23756445283 composite?
True
Is 18541867 composite?
False
Is 624234419 a prime number?
True
Is 794685919 prime?
True
Is 2491357103 a prime number?
True
Is 1551853145 prime?
False
Is 3597538093 prime?
True
Is 390256511 prime?
False
Is 5940642817 composite?
True
Is 518670701 prime?
False
Is 19331831251 prime?
False
Is 639061217 a composite number?
True
Is 339381551 composite?
True
Is 1706779001 a prime number?
True
Is 1481527823 composite?
True
Is 1618205063 prime?
False
Is 359350351 a composite number?
False
Is 1307530223 composite?
False
Is 532306483 prime?
True
Is 752659021 a composite number?
True
Is 25256221817 a prime number?
True
Is 298440767 prime?
True
Is 590278085 prime?
False
Is 15720451391 a prime number?
True
Is 3211381709 composite?
False
Is 4704808573 a prime number?
False
Is 102598682677 a prime number?
True
Is 297117389 a composite number?
True
Is 216121007 a composite number?
True
Is 817194361 a composite number?
True
Is 45168787241 a prime number?
True
Is 3654042941 composite?
False
Is 14315302979 a composite number?
False
Is 78750577 composite?
True
Is 52588700909 a prime number?
True
Is 2146408651 a prime number?
True
Is 244735078831 prime?
True
Is 8838168299 a composite number?
False
Is 32568789157 prime?
False
Is 834368221 composite?
True
Is 5460040517 composite?
False
Is 713238619 composite?
False
Is 952151909 a composite number?
False
Is 189653741 a prime number?
False
Is 681773549 prime?
False
Is 5024612963 composite?
False
Is 1335838901 a prime number?
False
Is 87441396103 prime?
True
Is 11852488189 composite?
True
Is 14023666259 a composite number?
True
Is 154360749607 a composite number?
True
Is 9596260703 prime?
True
Is 843646061 prime?
False
Is 18777547387 a prime number?
False
Is 2222793411 a prime number?
False
Is 44219332513 a composite number?
True
Is 6822611179 prime?
True
Is 11569717769 a composite number?
True
Is 24684711179 prime?
True
Is 29754078773 composite?
True
Is 744181747 composite?
True
Is 1713071 composite?
False
Is 427876483 composite?
False
Is 1601030677 prime?
False
Is 89920319 prime?
True
Is 23693315699 prime?
False
Is 2176433269 a prime number?
False
Is 3182740889 prime?
False
Is 911095453 a prime number?
True
Is 5626481933 a composite number?
True
Is 1001709871 a composite number?
False
Is 6443614511 composite?
False
Is 448009097 a prime number?
False
Is 24141673867 a composite number?
True
Is 15489169 composite?
True
Is 33045591893 prime?
False
Is 160000369 composite?
True
Is 66922181 a composite number?
False
Is 195070787 a composite number?
False
Is 793057054 a composite number?
True
Is 346083149 a prime number?
True
Is 155964877 composite?
True
Is 201197819 a prime number?
False
Is 115171969 a composite number?
True
Is 5349116933 prime?
True
Is 823855957 prime?
False
Is 6860437417 a prime number?
True
Is 2910143927 a composite number?
False
Is 1186653931 a prime number?
True
Is 443778249019 prime?
False
Is 5030342477 prime?
False
Is 168508627 composite?
True
Is 2254028761 a composite number?
False
Is 9597370921 a composite number?
True
Is 1049489486 prime?
False
Is 1453584787 a composite number?
True
Is 2008953841 prime?
True
Is 6355163291 a composite number?
False
Is 2694832849 composite?
True
Is 2762357257 prime?
False
Is 192057727 prime?
True
Is 2430093161 composite?
True
Is 3357929369 prime?
False
Is 128407583 composite?
False
Is 17600246819 a composite number?
True
Is 6974840857 prime?
True
Is 8115698471 a prime number?
True
Is 570555829 a composite number?
True
Is 3017930917 composite?
False
Is 251663791 composite?
False
Is 12414331883 prime?
True
Is 408115157 a composite number?
True
Is 722447479 a prime number?
False
Is 14501694001 composite?
False
Is 32074363171 a composite number?
True
Is 19440050563 composite?
False
Is 2379225967 a composite number?
False
Is 659359159 a composite number?
False
Is 27999391313 a composite number?
False
Is 124734170191 prime?
True
Is 12980115319 composite?
False
Is 17508768359 prime?
False
Is 567673657 a prime number?
True
Is 261505808903 a composite number?
True
Is 574254151 prime?
True
Is 12055895833 composite?
True
Is 108938627 composite?
True
Is 589561473 a prime number?
False
Is 711029629 a composite number?
True
Is 9492413207 a prime number?
True
Is 9815942609 a prime number?
False
Is 52343981 composite?
False
Is 123442379 prime?
False
Is 3940142015 a composite number?
True
Is 14807284381 a composite number?
True
Is 1203622909 composite?
False
Is 218090377 composite?
False
Is 30801488689 a prime number?
False
Is 21063979 a prime number?
False
Is 138293419103 a prime number?
False
Is 8298599003 a prime number?
False
Is 365675707 composite?
True
Is 34206283061 a prime number?
True
Is 54371958307 a composite number?
False
Is 5506655641 a prime number?
True
Is 9634512233 composite?
False
Is 804716069 prime?
False
Is 2995205905 a prime number?
False
Is 3769975919 a prime number?
False
Is 6654015659 composite?
False
Is 16344187553 a prime number?
True
Is 101949182157 a prime number?
False
Is 417159599 composite?
False
Is 9801940891 a prime number?
True
Is 66130268591 a composite number?
False
Is 3714234347 prime?
False
Is 2720376997 prime?
False
Is 3377725889 a composite number?
True
Is 15084329521 prime?
True
Is 339898954817 composite?
False
Is 633898271 composite?
True
Is 3362646227 composite?
True
Is 818997521 prime?
True
Is 9232686742 composite?
True
Is 7170205219 a composite number?
True
Is 60261973 prime?
True
Is 7078872137 prime?
False
Is 11383315781 a prime number?
True
Is 2202103367 prime?
False
Is 7370115773 composite?
False
Is 1500972073 a prime number?
True
Is 447818981 a composite number?
True
Is 7157354027 prime?
True
Is 20703714587 prime?
True
Is 94477044331 composite?
True
Is 244413307 composite?
True
Is 1518137371 a prime number?
True
Is 207751539 a composite number?
True
Is 41646113503 prime?
True
Is 74046875897 a prime number?
False
Is 7303850561 a composite number?
True
Is 2328498149 composite?
False
Is 25544378567 a prime number?
False
Is 344291677 prime?
False
Is 938173669 composite?
False
Is 2085969307 composite?
True
Is 442949417 a composite number?
False
Is 924263013 a prime number?
False
Is 26073965173 composite?
False
Is 27129256109 prime?
True
Is